t h(x) = x**2 + 3*x. What is the remainder when u is divided by h(-6)?
16
Let c(z) = -z**3 - 5*z**2 + 17*z + 54. What is the remainder when 394 is divided by c(-7)?
31
Let z = -529 - -890. What is the remainder when z is divided by 14?
11
Let a(x) = -x**2 + 8 + 5*x - 2*x + 2*x - 2. Let i be a(5). What is the remainder when 59 is divided by i/(-9)*60/(-2)?
19
Let g(d) = -d**3 - 12*d**2 + 7. Let o be g(-12). Suppose -55 = -2*h + o. Calculate the remainder when h is divided by 11.
9
Let j be 0/(-2 + -1 + 4). Let m = j + 26. What is the remainder when 103 is divided by m?
25
What is the remainder when 8 + 579 + (3 + -3 - 2) is divided by 12?
9
Let x(m) = -m**3 - 6*m**2 + 14*m - 4. Let y be x(-7). Let r = y + 56. Calculate the remainder when 14 is divided by r.
2
Suppose 0 = 5*b - 4*j - 27, -5*j = 2*b - 3*j. Let k = 11 + -1. Suppose 10 = -3*n - 5*g, 5*n + 3*g + 0 = k. What is the remainder when n is divided by b?
2
Let p = 148 - 39. What is the remainder when p is divided by 22?
21
Let o(h) = 3*h - 4. Let b be o(-2). What is the remainder when ((-15)/b)/((-3)/(-10)) is divided by 2?
1
Let y(n) = n**3 + 21*n**2 - 2*n - 27. What is the remainder when 57 is divided by y(-21)?
12
Let h be (-8)/24 - (-332)/(-3). What is the remainder when 145 is divided by h/2*10/(-15)?
34
Suppose 3*l + 4*c = 11, 4*l + 3*c - 3 = -0*l. Let s(f) = 8*f**2 + 5*f + 2. Suppose 66*q + 1805 - 3125 = 0. Calculate the remainder when s(l) is divided by q.
19
Suppose -1850 = -30*z + 820. Calculate the remainder when z is divided by 5.
4
Let s(g) = g**3 - 5*g**2 - 5*g - 4. Let b be (-3)/((-5)/(140/12)). What is the remainder when s(b) is divided by 10?
9
Let g(h) = h**3 + 9*h**2 - 26. Let k = 62 - 40. Suppose y - k = -2. What is the remainder when g(-8) is divided by y?
18
Suppose 2*o = -f - 121, -2*f - f + 4*o - 313 = 0. Let y = -39 - f. What is the remainder when y is divided by 25?
22
Let z be (2/(-5))/((-12)/(-60)). Calculate the remainder when 48 is divided by (3 + -1)/(z/(-25)).
23
Let f = 24 - 11. Suppose 11*c + 24 = f*c. Suppose -13*r + 15*r = c. What is the remainder when 22 is divided by r?
4
Let h(z) = -10*z**2 + 25*z + 165. Let a(o) = 7*o**2 - 16*o - 110. Let t(f) = 7*a(f) + 5*h(f). What is the remainder when 48 is divided by t(15)?
23
Suppose 6*q - 2*q + 3*x - 36 = 0, 2*q - 44 = 5*x. What is the remainder when 2*((-9)/q)/3*-206 is divided by 36?
31
Calculate the remainder when 266 is divided by (-7 + 6)/(1/(-45)).
41
Suppose -5 = 2*u + 11. Calculate the remainder when u/(-28) - 775/(-7) is divided by 28.
27
Suppose 4*u - 130 = -5*m, 4*m + 78 = 48*u - 46*u. Calculate the remainder when u is divided by (-3)/((-6)/13)*2.
9
Let l = -29 + 26. What is the remainder when (-1)/1*-73 - l is divided by 20*((-8)/(-2) - 3)?
16
Let m(d) = -5*d + 2. Let j(w) = -w - 1. Let g(v) = -6*j(v) + m(v). Suppose -4*a = 9 - 117. What is the remainder when a is divided by g(6)?
13
Calculate the remainder when 177 is divided by (7 - 1) + (-88)/8 + 82.
23
Calculate the remainder when 173 is divided by 425/5 - (15 + -14).
5
Let k = -20 + 22. Suppose -p = -k - 0. Suppose -4*n + 318 = p*n. What is the remainder when n is divided by 14?
11
Let m = -182 + 223. What is the remainder when 163 is divided by m?
40
Let b = 125 + -123. Suppose 112 = j - 2*g, -301 = -3*j + g - b*g. Calculate the remainder when j is divided by 21.
18
Suppose 4*o - 3*m - 20 = m, 4*o + 3*m = -8. Let u(c) = 18*c**2 + 2*c - 2. Calculate the remainder when u(o) is divided by 7.
4
Suppose m = 1 - 0. Let u(c) = -c**2 + 15*c + 1. Let z(q) = q - 1. Let n(t) = m*u(t) - 5*z(t). What is the remainder when 57 is divided by n(9)?
12
Let d = -1313 + 1658. What is the remainder when d is divided by 58?
55
Let f be 2 - 6/(-2) - 3. Suppose 5*b = 2*b. Suppose b*y - 37 = -y + 5*z, -4*z + 18 = f*y. What is the remainder when y is divided by 10?
7
Suppose 10*n - 6*n = -k - 5, k + 6 = -3*n. Let s(h) = 2*h**2 + 17*h + 8. Calculate the remainder when s(k) is divided by 2/(14/6 + -2).
5
Suppose p - 5*p = -8. Let a(s) = 12*s**2 + 5*s - 4*s**p - 8*s**2 - 2*s**2 - s**3 + 5. Calculate the remainder when a(-4) is divided by 10.
7
Suppose 0 = -4*b + 34 + 286. Let z = -162 + 293. Suppose -5*m - 2*y + z = 0, -5*m + 2*y + 2*y = -143. What is the remainder when b is divided by m?
26
Let l = 470 - 450. What is the remainder when 174 is divided by l?
14
Let r be 0 + (-1 - -1 - 2) + -8. What is the remainder when 44/r*-10*7/28 is divided by 3?
2
Let r = -142 + 144. Let c = 10 - 20. What is the remainder when r is divided by (-5)/c - (-1)/2?
0
Let c(g) = 5*g**3 - 85*g**2 + 6*g - 14. Calculate the remainder when c(17) is divided by 32.
24
Suppose 4*h = 4*i - 4084, 10*h = -i + 7*h + 1037. Calculate the remainder when i is divided by 4.
1
Suppose 0 = 40*n - 35*n - 2*o - 4922, -5*n = 5*o - 4915. Calculate the remainder when n is divided by 29.
27
Let c = -1516 - -1579. Calculate the remainder when c is divided by 49.
14
Let p(l) = 2*l - 7. Let y be p(5). Let j = y + 84. Calculate the remainder when j is divided by 23.
18
Let h = 372 - 364. What is the remainder when 36 is divided by h?
4
Suppose 284 = 5*t - t. Calculate the remainder when t is divided by 18.
17
Let m(p) = 2*p**3 + p**2 - 2*p + 1. Suppose -251*b + 20046 = -9321. Calculate the remainder when b is divided by m(2).
15
Let v = -12 - -14. Suppose v*s + 6*b - 2*b - 4 = 0, -5*s + 1 = b. Suppose 0 = 4*w - s - 40. What is the remainder when w is divided by 6?
4
Let o(k) = -k**2 + 18*k - 3. Suppose m - 15 - 2 = -5*z, -2*m + 3*z = -21. Calculate the remainder when o(m) is divided by 8.
5
Suppose 2*j + 0*j = 32. Let u = 23 - j. Suppose -32*p + 242 + 366 = 0. What is the remainder when p is divided by u?
5
Suppose 1449 = 3*f - 6*f. Let q be (f/(-35))/((-2)/(-10)). Suppose 2*r - b = q, -b + 31 + 124 = 5*r. What is the remainder when 95 is divided by r?
31
Let a(t) = t**2 - 36*t + 136. Calculate the remainder when 453 is divided by a(32).
5
Let t(c) = -3*c**3 + 3*c**2 - 1. Suppose 0 = 4*f - 2*f + 4. What is the remainder when t(f) is divided by -16 - (-260)/10 - (-2 - 0)?
11
Let n(x) = 4*x**2 + 7*x + 42. What is the remainder when n(-4) is divided by 2/((-2)/((-32)/2))?
14
Suppose 742 = 3*k - 152. Let x = k - 134. What is the remainder when x is divided by 33?
32
Let r be -2*(36/(-8))/3. Suppose -4*d = -3*y - 2, 7*y - 2*d - 4 = r*y. Calculate the remainder when 8 is divided by y.
0
Suppose -42*y = -41*y - 39. What is the remainder when y is divided by 24?
15
Suppose 3*a - 4*l - 134 - 138 = 0, -2*a + 3*l = -181. What is the remainder when a is divided by 19?
16
Suppose -2*l = -2 - 0, -3*f - l = -1. Let q(a) be the second derivative of a**4/12 + a**3/6 + 10*a**2 + 12*a. What is the remainder when q(f) is divided by 11?
9
Let t be ((-63)/(-15) + -5)*-120. Let f = -87 + t. Calculate the remainder when 114 is divided by f.
6
Let u = 22 - 11. Let v(t) = 2*t + 1. Let o(i) = -i - 5. Let c be o(-8). What is the remainder when u is divided by v(c)?
4
Suppose 1492 = 17*h - 2894. Calculate the remainder when h is divided by 83.
9
Let k(u) = u**3 - 12*u**2 + 11*u + 21. Let z be k(12). Suppose z = 2*v - 151. Calculate the remainder when v is divided by 31.
28
Let k(c) = c**2 + c - 3. Suppose 3*o + 0 = 6. Suppose -10 = -0*z - o*z. What is the remainder when z is divided by k(-3)?
2
Let q(t) = t**2 - 24*t - 19. What is the remainder when q(25) is divided by 4/(-18) + 40/18?
0
Let o(k) = 4*k**2 + 8*k + 5. Suppose 4*w - 60 = 4*a, 9*w - 3*a - 25 = 8*w. Calculate the remainder when o(7) is divided by w.
7
Calculate the remainder when 293 is divided by (140/245)/(1/161).
17
Let o = 726 + -430. Suppose -3*q - o = -4*l, 3*l - 5*q = -3*q + 222. Suppose -h + 19 = 2*s, -21 - 64 = -4*h - 5*s. What is the remainder when l is divided by h?
24
Suppose 5*v + 4*n - 40 = 0, v + 5*n - 41 = -3*v. Suppose 14*m - 494 = -5*m. Calculate the remainder when m is divided by v.
2
Let i = 716 + -695. Calculate the remainder when 154 is divided by i.
7
Suppose -12 = -34*o + 30*o. Suppose 4 = -u, -3*u + 486 = -0*x + o*x. What is the remainder when x is divided by 42?
40
Suppose n - 5*d - 80 = 0, -4*n + 7*n = d + 198. What is the remainder when n is divided by 11?
10
Suppose -2*d = 3*d + n - 27, d = -n + 3. Suppose -5*z - 2*v = -21 - 14, 3*z = -3*v + 30. What 